at are the prime factors of 1562133?
3, 179, 2909
List the prime factors of 1558138.
2, 779069
What are the prime factors of 426493?
19, 22447
List the prime factors of 587858.
2, 41, 67, 107
What are the prime factors of 5796035?
5, 7, 165601
List the prime factors of 1541369.
79, 109, 179
What are the prime factors of 383862?
2, 3, 63977
List the prime factors of 27627366.
2, 3, 13, 271, 1307
List the prime factors of 294564.
2, 3, 24547
What are the prime factors of 12971934?
2, 3, 229, 1049
What are the prime factors of 13465105?
5, 17, 157, 1009
What are the prime factors of 45081?
3, 5009
What are the prime factors of 1479509?
113, 13093
List the prime factors of 195708.
2, 3, 47, 347
What are the prime factors of 9102075?
3, 5, 157, 773
List the prime factors of 172851.
3, 7, 8231
List the prime factors of 12638959.
1021, 12379
List the prime factors of 5528107.
13, 19, 22381
List the prime factors of 98423.
13, 67, 113
List the prime factors of 166752.
2, 3, 193
What are the prime factors of 33153?
3, 43, 257
What are the prime factors of 14201158?
2, 7100579
What are the prime factors of 292936?
2, 7, 5231
What are the prime factors of 1513061?
11, 67, 2053
What are the prime factors of 19740213?
3, 17, 29, 1483
What are the prime factors of 22816?
2, 23, 31
List the prime factors of 12235650.
2, 3, 5, 7, 43, 271
What are the prime factors of 11937125?
5, 29, 37, 89
What are the prime factors of 31046570?
2, 5, 19, 163403
What are the prime factors of 7104652?
2, 29, 73, 839
What are the prime factors of 3259878?
2, 3, 543313
List the prime factors of 440808.
2, 3, 18367
List the prime factors of 835503.
3, 278501
What are the prime factors of 12351878?
2, 7, 11, 80207
What are the prime factors of 229345?
5, 45869
What are the prime factors of 82937?
197, 421
List the prime factors of 1444147.
23, 37, 1697
List the prime factors of 15729241.
11, 263, 5437
List the prime factors of 11824470.
2, 3, 5, 7, 137
What are the prime factors of 5756436?
2, 3, 7, 53, 431
What are the prime factors of 4018823?
19, 43, 4919
List the prime factors of 17498095.
5, 3499619
What are the prime factors of 361499?
361499
What are the prime factors of 208164?
2, 3, 11, 19, 83
What are the prime factors of 4897611?
3, 19, 9547
What are the prime factors of 441245?
5, 7, 1801
List the prime factors of 265151.
265151
What are the prime factors of 7050978?
2, 3, 11, 149, 239
List the prime factors of 1501786.
2, 11, 13, 59, 89
What are the prime factors of 1938492?
2, 3, 31, 193
What are the prime factors of 2989325?
5, 109, 1097
What are the prime factors of 2257756?
2, 389, 1451
What are the prime factors of 9077150?
2, 5, 17, 59, 181
What are the prime factors of 3025327?
3025327
What are the prime factors of 4885417?
521, 9377
List the prime factors of 4705763.
1621, 2903
List the prime factors of 13830144.
2, 3, 2251
List the prime factors of 1210687.
101, 11987
List the prime factors of 18708369.
3, 19, 59, 5563
What are the prime factors of 3115219?
769, 4051
List the prime factors of 6072485.
5, 17, 199, 359
List the prime factors of 3374296.
2, 17, 43, 577
What are the prime factors of 2577944?
2, 322243
What are the prime factors of 8330216?
2, 41, 109, 233
List the prime factors of 2533158.
2, 3, 140731
What are the prime factors of 220742?
2, 19, 37, 157
List the prime factors of 6285503.
7, 97, 9257
List the prime factors of 95332.
2, 23833
List the prime factors of 23383809.
3, 288689
What are the prime factors of 13459?
43, 313
List the prime factors of 5269652.
2, 1317413
What are the prime factors of 3541277?
19, 29, 6427
What are the prime factors of 846206?
2, 423103
What are the prime factors of 897754?
2, 11, 13, 43, 73
What are the prime factors of 24081432?
2, 3, 41, 24473
What are the prime factors of 9651099?
3, 23, 139871
What are the prime factors of 55685?
5, 7, 37, 43
What are the prime factors of 3234212?
2, 808553
List the prime factors of 183663.
3, 20407
What are the prime factors of 297247?
297247
What are the prime factors of 10911078?
2, 3, 37, 43, 127
List the prime factors of 10370798.
2, 5185399
List the prime factors of 16123424.
2, 503857
List the prime factors of 1224661.
127, 9643
What are the prime factors of 16756507?
127, 131941
What are the prime factors of 572479?
572479
What are the prime factors of 1872276?
2, 3, 7, 31, 719
List the prime factors of 146863.
17, 53, 163
List the prime factors of 5132990.
2, 5, 233, 2203
What are the prime factors of 163545?
3, 5, 10903
What are the prime factors of 566424?
2, 3, 7867
What are the prime factors of 139361?
139361
List the prime factors of 1044901.
11, 13, 7307
What are the prime factors of 3488581?
677, 5153
What are the prime factors of 475638?
2, 3, 79273
What are the prime factors of 1156655?
5, 231331
List the prime factors of 114935.
5, 127, 181
List the prime factors of 346856.
2, 191, 227
What are the prime factors of 329422?
2, 19, 8669
What are the prime factors of 14675?
5, 587
What are the prime factors of 1054599?
3, 7, 13, 3863
List the prime factors of 35587984.
2, 131, 16979
List the prime factors of 28031508.
2, 3, 9613
What are the prime factors of 258949?
258949
What are the prime factors of 1006858?
2, 479, 1051
What are the prime factors of 5966?
2, 19, 157
What are the prime factors of 213094?
2, 7, 31, 491
List the prime factors of 11201500.
2, 5, 43, 521
What are the prime factors of 73778?
2, 37, 997
What are the prime factors of 6953101?
71, 97931
List the prime factors of 107226.
2, 3, 7, 23, 37
List the prime factors of 16070806.
2, 2213, 3631
What are the prime factors of 2969679?
3, 17, 58229
What are the prime factors of 3052207?
1579, 1933
What are the prime factors of 937667?
937667
What are the prime factors of 344362?
2, 172181
List the prime factors of 722333.
722333
List the prime factors of 370951.
7, 197, 269
What are the prime factors of 5190777?
3, 192251
List the prime factors of 874147.
29, 43, 701
What are the prime factors of 9056765?
5, 1811353
What are the prime factors of 3323711?
3323711
List the prime factors of 546175.
5, 7, 3121
What are the prime factors of 826204?
2, 206551
What are the prime factors of 41099725?
5, 1643989
What are the prime factors of 9551210?
2, 5, 23, 131, 317
What are the prime factors of 304377?
3, 71, 1429
List the prime factors of 29732612.
2, 7, 13, 1667
What are the prime factors of 470912?
2, 13, 283
What are the prime factors of 5293929?
3, 881, 2003
List the prime factors of 15582082.
2, 43, 409, 443
List the prime factors of 1226765.
5, 73, 3361
What are the prime factors of 1986973?
101, 103, 191
List the prime factors of 1436622.
2, 3, 11, 21767
What are the prime factors of 42040?
2, 5, 1051
List the prime factors of 13257000.
2, 3, 5, 491
What are the prime factors of 518317?
29, 61, 293
What are the prime factors of 171364?
2, 42841
List the prime factors of 137577.
3, 11, 379
What are the prime factors of 361581?
3, 11, 10957
What are the prime factors of 911446?
2, 353, 1291
What are the prime factors of 135828?
2, 3, 7, 11
List the prime factors of 20783181.
3, 601, 11527
What are the prime factors of 381628?
2, 13, 41, 179
List the prime factors of 8452624.
2, 528289
List the prime factors of 730001.
823, 887
What are the prime factors of 346102?
2, 131, 1321
List the prime factors of 20842114.
2, 61, 170837
What are the prime factors of 14059307?
14059307
What are the prime factors of 1013775?
3, 5, 7, 1931
List the prime factors of 138783.
3, 46261
List the prime factors of 868485.
3, 5, 57899
List the prime factors of 459901.
13, 17, 2081
What are the prime factors of 393777?
3, 43753
What are the prime factors of 1453501?
7, 207643
List the prime factors of 5085865.
5, 1017173
List the prime factors of 546954.
2, 3, 91159
List the prime factors of 7295862.
2, 3, 7, 271, 641
List the prime factors of 13938431.
13, 1072187
What are the prime factors of 5975756?
2, 59, 25321
What are the prime factors of 13698971?
11, 13, 7369
What are the prime factors of 33398643?
3, 1483, 7507
List the prime factors of 1315014.
2, 3, 219169
List the prime factors of 1957206.
2, 3, 103, 3167
What are the prime factors of 489926?
2, 29, 8447
What are the prime factors of 350117?
